late the remainder when 196 is divided by k(-5).
97
Let n = 56 + 7. Suppose 2*k + 5 = 13. Suppose k*t - 64 = -0*t. What is the remainder when n is divided by t?
15
Suppose 34*o - 29*o = 25. What is the remainder when 144 is divided by 148/o + 6/(-10)?
28
Let h = 123 + -94. Let v(y) = y**2 - 5*y + 8. Let o be v(6). Suppose -r + 4*p - 4 + o = 0, r - p = 10. What is the remainder when h is divided by r?
9
Suppose -17*x + 22*x = 0. Suppose x = -o - 5*y + 23, -3*o - y + 4*y + 33 = 0. Suppose -115 = 4*b - 9*b. What is the remainder when b is divided by o?
10
Let v be (-26)/(-78)*-111*1. Let g = -21 - v. Calculate the remainder when 27 is divided by g.
11
Let v(c) = c**2 + 4*c + 1. Let z be v(-3). Let h = z + 6. What is the remainder when 19 is divided by (4/(h/5))/1?
4
Suppose -122 = -h - p, -h + 126 = -2*p + 4*p. Calculate the remainder when h is divided by 64.
54
Suppose -1008 = 274*f - 292*f. Calculate the remainder when 249 is divided by f.
25
Let u = -43 + 61. Suppose -u*j + 16*j = -76. Suppose 0 = -4*k - 2*s + 90, 5*k + 4*s - 100 = 20. Calculate the remainder when j is divided by k.
18
Suppose -4 = -8*j + 7*j + 5*u, 0 = -5*j + 2*u + 43. What is the remainder when -2 + 17 - 16/(-8) is divided by j?
8
Suppose 5*x + 5*s - s = 4, 2*x + 2*s = 0. Calculate the remainder when (581/(-14))/((-2)/x) is divided by 14.
13
Let o = -40 - -53. Suppose -o = -t + 12. What is the remainder when 222 is divided by t?
22
Let a(o) = -18*o**3 + 2*o + 1. What is the remainder when (3 + 141)*(-4)/(4 + -16) is divided by a(-1)?
14
Let u(m) = 3*m**2 - 2*m + 1. Let s be u(3). Suppose 6*r = 2*t + 2*r - s, 0 = 4*r - 16. Calculate the remainder when 73 is divided by t.
16
Suppose -2*l + 494 - 470 = 0. What is the remainder when 191 is divided by l?
11
Let q(a) = 4*a + 2. Let f(o) = o**3 + 6*o**2 + 2*o + 5. Let j be f(-6). Let n = 9 + j. What is the remainder when q(n) is divided by 6?
4
Suppose 4*z - 5*j - 22 = 45, 5*z + 5*j - 50 = 0. Suppose z*d - 62 = 12*d. Calculate the remainder when d is divided by 16.
14
Let m(k) = -9*k - 2. Let f = 185 + -156. What is the remainder when f is divided by m(-2)?
13
Suppose -4*r + 27 = -37. Let w = r - 9. What is the remainder when (-110)/275 - (-2)/(20/114) is divided by w?
4
Let m(d) = -5*d**3 - 10*d**2 - 6*d - 8. Let u(r) = -4*r**3 - 9*r**2 - 5*r - 9. Let p(a) = -3*m(a) + 4*u(a). What is the remainder when p(-7) is divided by 26?
25
Let q = 339 - 220. What is the remainder when q is divided by 31?
26
Let d(i) = -i + 11. Suppose g = -g. What is the remainder when d(g) is divided by 2?
1
Suppose 5*r - 3*y - 1236 = 0, -64*r = -65*r + 3*y + 240. Calculate the remainder when r is divided by 28.
25
Suppose 0 = -2*d + 2*q + 26, 5*d - 67 = -0*q + 3*q. Let i be -2 - 7 - 8/4. Let w = i + 65. What is the remainder when w is divided by d?
12
Suppose -3*w - 4*a = 5 + 10, -2*a = 0. Let o(s) = -3*s - 8. What is the remainder when 34 is divided by o(w)?
6
Let b = -9 + 10. Let v(i) = -i**3 + 8*i**2 + 10*i + 11. What is the remainder when (b/1 - -36) + 2 is divided by v(9)?
19
What is the remainder when (-446)/((-4)/(-3)*72/(-48)) is divided by 9?
7
What is the remainder when 172 is divided by (133/(-21) + 8)*21?
32
Suppose 135 = 3*r + 2*r. Suppose 2*t - 6 = 3*t. Calculate the remainder when r is divided by (3 + t/4)/((-3)/(-30)).
12
Calculate the remainder when 238 is divided by 4 - ((-2)/(-3))/(42/(-3591)).
55
Let d be (-3)/(-2) + 0 - 97/(-2). Suppose 4*r = 5*p + d, -5*p = r - 7 - 18. What is the remainder when 74 is divided by r?
14
What is the remainder when (-2)/7 - 226/(-7) is divided by 13?
6
Let j(s) = 37*s - 146. What is the remainder when j(5) is divided by (-5 + -5)/(2/(-4))?
19
Suppose -8*x = 33 - 89. What is the remainder when 21 is divided by x?
0
Let d(k) = k + 2. Suppose 30 = 4*l + 10. What is the remainder when 82/697 + ((-555)/51)/(-1) is divided by d(l)?
4
Suppose -124 = -10*d + 8*d. What is the remainder when d is divided by 5?
2
Let c(o) = -o**2 - 4*o + 5. Let g be c(-5). Let h(b) = 3*b - 4*b - b + 33. What is the remainder when h(g) is divided by 18?
15
Suppose 2*x + 58*t = 61*t - 4, 0 = 5*x - 5*t + 5. What is the remainder when 252 is divided by x?
0
Let d be 56*(-4 + (-92)/(-16)). Suppose 3*s - d = a, 4*s + 5*a - 3*a - 124 = 0. What is the remainder when 63 is divided by s?
31
Let b = 8 - 12. Let u be 1*-6*b/8. Let s(z) = z + 10. What is the remainder when s(u) is divided by 7?
6
Suppose -12*j + 180 = -3*j. Calculate the remainder when 34 is divided by 4*(j/8 + 1).
6
Let m = 83 - 29. Suppose 40 = 589*q - 584*q. Calculate the remainder when m is divided by q.
6
Suppose -z + 2*z - 60 = 0. Let d = -16 - -48. What is the remainder when z is divided by d?
28
Let k(y) = y**2 + 12*y + 1. Calculate the remainder when 260 is divided by k(-14).
28
Let l(s) = -s**3 + s**2 - s + 11. Suppose 2*r + 4*u + 4 = 0, r - 4 = -r + 4*u. What is the remainder when l(r) is divided by 6?
5
Suppose 3*b = 5*b + 12. Let z = 11 + b. Suppose -z*w + 58 + 68 = -2*y, -2*w + 46 = -3*y. Calculate the remainder when w is divided by 7.
5
Let o = 1 - 9. Let m = o - -5. Calculate the remainder when 52 is divided by (3 - 4)/(m/54).
16
Suppose 5*o - k = 173, 2*o = o + 4*k + 27. Calculate the remainder when 169 is divided by o.
29
Suppose 5*z = 5*h + 280 - 45, 5*h + 97 = 2*z. Calculate the remainder when 127 is divided by z.
35
Suppose -20 = -2*y - 5*x - 0*x, -3*x = -4*y + 14. Let v = 10 - y. Suppose 2*a - v*m - 18 = 0, 3*m - m = -3*a + 27. What is the remainder when a is divided by 5?
4
Suppose 0 = b + 24 - 36. What is the remainder when 2952/42 - (-2)/(-7) is divided by b?
10
Let i(y) = 3*y - 2*y + 70 - 2. Let z be i(0). What is the remainder when 48 is divided by (z/6)/(2/3)?
14
Let u(q) = -q**2 - 22*q - 39. Suppose p + 4*k = 7 - 34, -5*p = 3*k + 101. What is the remainder when 71 is divided by u(p)?
17
Let n = 23 - 38. Calculate the remainder when 10 is divided by (-3 - n)*1/2.
4
Let o(s) = -9*s - 12. Let v be o(-6). Let c = v - 37. Calculate the remainder when 9 is divided by c.
4
What is the remainder when 41/(-123) + (0 - (-620)/6) is divided by 5?
3
Let s = 1199 - 1173. Calculate the remainder when 73 is divided by s.
21
Suppose -4*b + 53 + 179 = 0. Let l(k) = -k**2 + 11*k + 6. Let v(n) = 3*n**2 + 3*n + 2. Let s be v(-2). What is the remainder when b is divided by l(s)?
28
Let o = 213 - 126. Calculate the remainder when 438 is divided by o.
3
Suppose -3*z - 148 = 2*h - 497, -354 = -3*z + 3*h. Let g = z - 66. What is the remainder when g is divided by 9?
6
Suppose 4*f - 24 = -4, -f = 3*o - 92. Calculate the remainder when 374 is divided by o.
26
Let m(q) = q - q + 8*q**2 + q**3 + 9. Calculate the remainder when m(-8) is divided by (-6 - -6) + 5 + 0.
4
What is the remainder when 622 is divided by 44018/494 - ((-51)/57 - -1)?
88
Calculate the remainder when 2941/51 - (24/9)/4 is divided by (-5)/(3 - 7/2).
7
Let p(r) = 4*r - 3. Let w be p(2). Suppose 4*m = -2*i + 8, w*i + 0*i + m - 29 = 0. Suppose -3*j + i = -21. What is the remainder when j is divided by 6?
3
Let m(d) be the second derivative of -d**3/2 + 4*d**2 - d. Let l be m(0). Calculate the remainder when 22 is divided by l - (2 + -3) - -3.
10
Let r = 12 - 57. Let p = 49 + r. Let g = -13 - -27. Calculate the remainder when g is divided by p.
2
Let l(r) = 2*r**2 - 2*r + 8. Calculate the remainder when 40 is divided by l(2).
4
Suppose 0*k = -3*k - 3*d + 150, 3*d + 150 = 3*k. What is the remainder when k is divided by 63/5 + (-6)/(-15)?
11
Let d(w) = -24*w + 16. Let l(q) = -8*q + 5. Let x(n) = -3*d(n) + 10*l(n). What is the remainder when x(-5) is divided by 11?
9
Let j(w) = -8 - 3*w + 0 - 8. Let a(z) = -169*z - 518. Let p be a(-3). What is the remainder when j(p) is divided by 7?
3
Suppose -3*f = 2*n - 165, 0 = -4*f + 2 - 6. Calculate the remainder when 258 is divided by n.
6
Let l(h) = 2*h**3 - h**3 - h + 7 - 8*h**2 + 6*h**2. Calculate the remainder when 127 is divided by l(3).
10
Suppose 0 = -2*s - s, -s + 84 = a. Suppose -4*c - 3*j = j - a, -3*c - j + 71 = 0. What is the remainder when c is divided by 15?
10
Let m(g) = -110*g - 186. Calculate the remainder when 813 is divided by m(-2).
31
Let x(h) = -2*h + 48. Let p be x(22). Suppose -p*a = -5*a + 28. Calculate the remainder when 106 is divided by a.
22
